st common factor of j and 34.
34
Let k(t) = 11*t**2 - 7*t - 15. Let h be k(-2). Suppose h = 2*c - u, -3*u + 3 = 12. Calculate the highest common factor of c and 12.
4
Suppose 4*a + 17*h - 18*h = 10519, -3*h - 2638 = -a. What is the highest common divisor of 22 and a?
11
Let s(i) = 7*i**3 - 8*i**2 + 49*i - 520. Let r be s(8). What is the highest common factor of 256 and r?
128
Suppose 3*o + 6623 = 4*d, -o = 19*d - 23*d + 6613. Calculate the greatest common divisor of d and 7.
7
Let b(w) be the first derivative of w**4/4 + w**3 - 6*w**2 - 47*w + 19. Let t be b(8). Calculate the greatest common divisor of t and 33.
33
Suppose x = 5*s + 76, -s + 0*s - 2 = 0. Let u be -39 + 35 + 490/2 + 1. What is the greatest common factor of x and u?
22
Let r = -89 + 126. Let m = -59 + r. Let h = m - -76. What is the greatest common divisor of h and 72?
18
Suppose 299 = 4*v - 5*m, 0 = -0*v - 5*v - 3*m + 383. What is the greatest common divisor of 3 and v?
1
Suppose -4*g + 4*r = -120, 5*r - 66 = -6*g + 3*g. Suppose 6*q = 3*q + 324. What is the highest common divisor of g and q?
27
Let u = 2455 - 1308. Suppose 8*x - 1485 = u. What is the greatest common divisor of 47 and x?
47
Suppose -3413 = 32*x + 3403. Let a = x - -249. What is the greatest common divisor of 204 and a?
12
Suppose z - 4*z - 34 = -4*p, 4*z + 22 = 2*p. Calculate the highest common divisor of p and 5971.
7
Let s(l) = -l**2 - 28*l + 105. Let h be s(-30). Let k be 5271/h - (4 - 406/105). What is the greatest common factor of 52 and k?
13
Suppose -15 = 5*g, 4*q - 4*g - 4 + 0 = 0. Let n(y) = -y**3 + 2*y**2 - 3*y - 2. Let u be n(q). Calculate the greatest common factor of u and 90.
10
Suppose 0*v = -3*v + 9. Suppose -1250 = -5*r + 2*m, -1081 = -4*r + v*m - 88. Suppose -12 + r = 3*g. Calculate the highest common factor of 10 and g.
10
Let w be (-1)/((5/25)/(174/(-15))). Let x = w + 22. Let g(y) = 5*y - 3. Let f be g(7). What is the greatest common divisor of x and f?
16
Let z = -38 + 12. Let q = -16 - z. Suppose -35 - 10 = -5*r - w, 0 = -3*w - 15. What is the greatest common factor of q and r?
10
Suppose 66484 = 87*i - 83*i - 4*f, -2*i + f + 33238 = 0. Calculate the greatest common divisor of i and 87.
87
Suppose 0 = -67*l + 61*l + 924. Let j be 101 - (-6 + 88/11). What is the highest common divisor of j and l?
11
Suppose 3*i + 621 = 3*d, -4*d + 673 = -2*i - 155. Let j be 90/(-35)*(-35)/10. What is the greatest common divisor of j and d?
9
Suppose 0 = 71*h - 66*h. Suppose 22*u - 20*u - 80 = h. Calculate the highest common divisor of u and 360.
40
Let v(b) = -b**2 + 17*b + 30. Let m be v(15). What is the highest common divisor of 30 and m?
30
Let y(w) = 80*w - 151. Let b be y(2). What is the greatest common divisor of 288 and b?
9
Suppose 0 = -5*j + 4*g + 127, 3*j - 87 = -3*g - 0*g. Let n be -7 + 14 - 4 - (1 + -61). Suppose -4*k + 45 = -n. What is the highest common factor of k and j?
27
Suppose -18208*t + 18207*t = -728. Calculate the greatest common factor of t and 78.
26
Let o be (164/6 - 6)*42/4. Suppose -54*q = -47*q - o. Suppose k + m - 47 = 0, -2*k - 2*k + 196 = -4*m. What is the greatest common divisor of k and q?
16
Suppose 5*a + 4*o - 42 = 0, -o = o - 6. Suppose s - 19 = a. Let w = 8913 - 8898. What is the highest common factor of w and s?
5
Suppose 0 = -422*b + 414*b + 760. Let j(w) = 4*w - 41. Let q be j(15). What is the greatest common divisor of q and b?
19
Let h be (-77)/2*((-910)/(-98) + -11). What is the greatest common divisor of h and 5764?
22
Suppose -3*j - 2*j + 358 = -7*m, j - 56 = 4*m. Calculate the greatest common divisor of 4976 and j.
16
Let n be 12/(-10)*(-320)/3. Let g = -97262 - -97266. Calculate the greatest common divisor of g and n.
4
Let v(s) = 9*s**2 - 24*s - 553. Let l be v(27). What is the highest common divisor of l and 60?
20
Let s be (-13)/(91/(-35)) - -20*1. Suppose -5*b = -s - 135. What is the highest common divisor of b and 24?
8
Let t = 827 - 677. Suppose -20*n + 695 = -205. What is the greatest common divisor of n and t?
15
Suppose 23 - 925 = -k + 5*y, -5*y = -4*k + 3608. Suppose 16*u - 378 - k = 0. Calculate the highest common divisor of 48 and u.
16
Suppose -658 = -43*a + 193 + 181. Calculate the greatest common divisor of a and 10056.
24
Let s = -243 + 459. Let p = s + -1. Suppose p = 11*x - 6*x. Calculate the greatest common factor of x and 301.
43
Suppose 152831 = 104*d - 2857. What is the greatest common factor of d and 9?
3
Let o be 462/9 - 4/(-6). Let u(s) = -31*s - 25. Let g(j) = -j**2 - 5*j + 1. Let n be g(-6). Let a be u(n). What is the greatest common divisor of o and a?
26
Let v(u) = -3*u**3 - 20*u**2 + 8*u + 9. Let h be v(-7). Suppose 0 = -2*s - 3*s + 10, h*q = -5*s + 18. What is the greatest common divisor of q and 10?
2
Suppose 0 = -0*f - 13*f + 65. Suppose y - 8 = -a - 3, 5*a + 65 = f*y. Let g be (-2)/((-2)/((-2)/(-1))). Calculate the highest common divisor of g and y.
1
Let o = -20751 + 23089. Calculate the highest common divisor of o and 3674.
334
Let c = 41 + -36. Let p = -310 + 442. Suppose -g - 93 = -2*w, 3*w - p = g - 2*g. Calculate the greatest common divisor of c and w.
5
Let c be 2 - (-2 - (21 + -1)). Let x be ((-32)/(-80))/(4/170). Suppose x*v + 129 = 1353. Calculate the highest common divisor of c and v.
24
Suppose 49*v - 262 = 1943. What is the greatest common divisor of 150 and v?
15
Let o = -12462 - -17285. Calculate the greatest common divisor of o and 65.
13
Let n be (-10)/(-20) + (2 - 1538/(-4)). Suppose 2*p + n = 3*b, b + 2*p - 112 = -3*p. Let z = 81 + b. What is the greatest common divisor of z and 26?
26
Let v be 1*(5 + ((-438)/(-18))/(1/3)). Calculate the highest common factor of v and 876.
6
Suppose -l = 3*k - 73, -3*k + 218 = 4*l - 101. Suppose 5*c = 3*a + 177, 5*c + 4*a - l - 67 = 0. Calculate the highest common factor of 55 and c.
11
Suppose -4*v = 2*j + 1 + 9, 3*v + 9 = 0. Let i be 576/45 - 2/(-10). Suppose -4*r - 3*a = -39, -22 = -4*r + a + i. What is the greatest common factor of j and r?
1
Let h(i) = -2*i**2 + 60*i - 267. Let j be h(24). What is the highest common divisor of j and 469?
7
Let s = 8167 - 4767. Suppose 0 = -r + 4*r - 2*q - 2015, -s = -5*r - 5*q. Suppose -28*n = -31*n + r. What is the highest common factor of n and 45?
45
Let q = 8213 + -7859. Calculate the greatest common divisor of 944 and q.
118
Let n = 15197 + -15041. What is the highest common divisor of 4212 and n?
156
Let k be 9798/33 - (-770)/(-847). Calculate the greatest common divisor of 3478 and k.
74
Suppose -13 = 3*r - 61. Let y(u) = -12*u + 367. Let z be y(25). Suppose 0 = 5*m - 4*b - 340, 30 + z = m + 5*b. Calculate the highest common factor of m and r.
8
Let s be (2 - 4)*(-14)/1. Let f = 40044 + -40040. Calculate the greatest common factor of s and f.
4
Suppose -3*d = 18, -30 + 0 = -3*v - 3*d. What is the greatest common divisor of v and 8?
8
Suppose 4*r - 3*c = 456, -82 = 5*r - 5*c - 652. Let i = 139 + 32. Calculate the highest common divisor of r and i.
57
Let y(x) = -x**3 - 8*x**2 + 6*x - 8. Let r be y(-9). Suppose -2*i = 0, -r*i + 16*i + 35 = n. What is the highest common divisor of 133 and n?
7
Let a(t) = -7*t - 113 + t**2 - 5*t + t + 149. Let p be a(8). What is the highest common factor of 324 and p?
12
Let v = 572 - 569. Suppose 3 = -k, -25*p = -22*p - v*k - 2100. Calculate the greatest common divisor of p and 41.
41
Let s be 4/2 + -133 + 132 + 1327 + 2. Calculate the highest common factor of 126 and s.
14
Let b be (-372)/(-27) - 4/(-18). Let m = -471 - -473. Let w be 1 - m/(3 - 5). Calculate the highest common factor of w and b.
2
Suppose -3*y = w - 404, -3*y + 399*w - 403*w + 383 = 0. Calculate the highest common divisor of 685 and y.
137
Let d be (-2 - -4)/(6/213). Let u = 26 - d. Let y = 61 + u. Calculate the greatest common divisor of y and 16.
16
Let l = -17979 - -30587. Calculate the greatest common divisor of 64 and l.
64
Let i be 507/429 + (-4)/22. Let r be ((-9)/6)/(15/20). Let c be r + 16 + -3 - 2. What is the highest common factor of c and i?
1
Suppose -l - 3*l + 4*u + 36 = 0, -5*l = -4*u - 40. Let j(r) = 4*r. Let m be j(1). Suppose m*x = 25 - 9. What is the greatest common divisor of l and x?
4
Suppose -153 = 7*o - 24*o. Suppose -877 + 13 = -o*i. What is the greatest common factor of i and 108?
12
Suppose -q - j =